) + (-55)/(-2). What is the units digit of (30/(-20))/((-3)/d)?
4
Suppose f - 3*x + 47 = 2*f, 289 = 5*f - 3*x. What is the units digit of f?
6
Suppose 7*f = 3*f + 8. What is the units digit of 51 + (-1 - -2) + f?
4
Suppose 7*o - 378 = -2*o. What is the tens digit of o?
4
Let w(h) = h**3 + 12*h**2 - 7*h - 30. What is the units digit of w(-12)?
4
Suppose -h = -6 - 6. Let d(a) = a**3 - 6*a**2 + 5*a + 4. Let u be d(5). Suppose -u*m + 0*m = -h. What is the units digit of m?
3
Let v = 537 + -52. Let t = v - 325. What is the units digit of ((-12)/(-10))/(12/t)?
6
Suppose 0 = 33*m - 34*m + 45. What is the tens digit of m?
4
Suppose p = -p - 68. Let j = p - -49. What is the units digit of j?
5
Suppose 2*d - 25 = d. What is the tens digit of d?
2
Let q = -10 - -22. Let l(x) = x**2 + 3*x - 2. Let d be l(-4). Suppose -2*w - d*w + q = 0. What is the units digit of w?
3
Suppose x + 47 = 5*t, 9 + 13 = t + 4*x. What is the tens digit of t?
1
Suppose -6*j + 563 + 277 = 0. What is the hundreds digit of j?
1
Let w(o) = -o**3 + 5*o**2 + o + 6. What is the tens digit of w(5)?
1
Suppose y + 12 = 4*y. Suppose y*z + 0*z = 28. Let h = z + -5. What is the units digit of h?
2
Let a = 3 - 1. Let l(j) = 2*j**3 - 2*j**2 - 2*j. Let o be l(a). Suppose 2*v - w = 3*w + 18, 4*w - 36 = -o*v. What is the units digit of v?
9
Let k(x) = -x**2 + 8*x + 11. Suppose 5*z + 15 = 55. What is the units digit of k(z)?
1
What is the tens digit of 46/2 + -15 + 13?
2
Let n(v) = v**3 + 8*v**2 + 2. Let q(m) = 8*m**3 + m + 1. Let u be q(-1). What is the units digit of n(u)?
2
Let i be (3 - 12)/3 + 51. Let s = -16 + i. What is the tens digit of s?
3
Suppose -8 = -10*z + 9*z. What is the units digit of z?
8
Let h = -2 - 4. What is the units digit of 28*(9/h - -2)?
4
What is the tens digit of (-3)/(-2) + 5/(80/616)?
4
Suppose -2*t - 3*t = -3*j - 643, 0 = t - 4*j - 115. What is the hundreds digit of t?
1
Let a be 6 + 1 + -3 + 0. Suppose -a*p + 4 = -32. What is the units digit of p?
9
Suppose -2*v + 13 = -379. What is the units digit of v?
6
Let n = -5 - -9. Suppose 3 = n*m - 5*m. What is the units digit of 4*(-2)/(-1) + m?
5
Suppose s - 5*s + 192 = 0. Suppose 4*r - s = -12. What is the units digit of r?
9
Suppose 28*k = 21*k + 805. What is the units digit of k?
5
Let q(l) = l**3 - 5*l**2 + 8*l - 5. Let o be q(5). Suppose -4*d + o = -21. What is the tens digit of d?
1
Suppose d + 1 - 8 = 0. Suppose -d + 1 = -q. Suppose -69 = -5*t + q. What is the tens digit of t?
1
Let v(s) be the first derivative of s**3/3 + s - 1. Let g be v(1). What is the units digit of -27*g/(-12)*2?
9
What is the units digit of (-3)/12 - 282/(-8)?
5
Suppose -5*v = -x - 154, -v + 2*x + 2 = -27. What is the units digit of v?
1
Let w(t) = t + 6. Let f be w(-6). Suppose -z + 5*g - 15 = 0, f*g - 5*g = -2*z - 5. What is the tens digit of z?
1
Let p = -490 + 758. What is the hundreds digit of p?
2
Let k be 1/((-3)/(-12)*2). Suppose -5*a = -5*o + 25, 6*o - k*a = o + 13. What is the units digit of o?
1
Let j(q) = -q - 5*q**3 + 2*q**3 - 4*q - 2 - q**2 + 2*q**3. What is the tens digit of j(-3)?
3
Let n(r) be the third derivative of r**4/24 + 4*r**2. What is the units digit of n(4)?
4
Let w(q) = 3*q**2 - 1. Let r be w(1). Let z(o) = o**2 - 1 + 0 + 2*o**r. What is the tens digit of z(2)?
1
Let x be 176/18 - (-2)/9. Suppose -2*i + 2 + 2 = 0. Suppose -x - 4 = -i*s. What is the units digit of s?
7
Suppose 29 + 15 = s. What is the units digit of s?
4
Let m(g) = 7*g + 3. Let p be m(-2). Let c = -7 - p. What is the units digit of 14/((-3)/(-6)*c)?
7
Suppose z + 319 = 4*c, 4*c + 4*z = 2*z + 334. What is the units digit of c?
1
Let b be 2 + (-6)/(0 - 3). Suppose -r + 141 = 5*c, -b*c + 0*r - 5*r = -96. What is the units digit of c?
9
Let m(h) = 6*h - 5. Let f be m(4). Suppose -2*q = 4*s - 66, -2*q + f = 2*s - 19. Suppose 3*w = 7 + s. What is the units digit of w?
7
Let a = 16 + 15. What is the units digit of a?
1
Let s be (-9)/(-6)*(-2)/(-1). Suppose -10 = -s*j + 5*j. What is the units digit of j/15*3*-3?
3
Suppose -39 = -2*c + 103. What is the units digit of c?
1
Suppose -q - 217 = -4*q - 2*z, -3*q - 4*z + 209 = 0. What is the tens digit of q?
7
Let s = 9 + -6. Let q(z) = -z - 4. Let f be q(-9). Suppose 0 = 2*p - s*g - f, -p = -g + 2*g. What is the units digit of p?
1
Suppose -5*y = -0*y - 135. Suppose 3*t - 5*z = 2 + 12, 4*t - 4*z = 16. Suppose t*p = 3*v + 15 + 9, 0 = 4*p - 3*v - y. What is the units digit of p?
3
Suppose 7*h - 4*p = 3*h + 136, 0 = p + 2. What is the units digit of h?
2
Suppose 0 = -x + 1 + 2. Suppose -3*q = h + 19, -q - x*h - h - 21 = 0. What is the units digit of 4*2 - q/5?
9
Let m(o) = 3*o + o + 39 - 6*o. What is the tens digit of m(0)?
3
Let k = 4 + 13. Let l = k - 24. What is the units digit of -2*l/2 + -2?
5
Let s be (-2)/(-3)*1*3. Let y(x) = 5*x - s*x - x. What is the units digit of y(4)?
8
Let a = 56 - -15. What is the tens digit of a?
7
Let x = -210 - -347. Suppose 42 = -5*o + x. What is the tens digit of o?
1
Suppose -4*t + 3*n + 547 = 0, 5*t - 2*n = -3*n + 679. Suppose -3*c + v + t = 0, -2*c - 3*v + 44 = -43. What is the tens digit of c?
4
Suppose 8 = 3*i - 10. Suppose 4*r = 18 + i. What is the units digit of r?
6
Let o(j) = 4*j + 0*j + j**2 + 0*j**2. Let r be o(-5). Suppose -28 = -r*p + p. What is the units digit of p?
7
Suppose 3*i - 2*i = 4. What is the tens digit of -1 + (-4 - (i - 49))?
4
Let b(d) be the second derivative of -1/3*d**3 - 3*d + 0 - 1/20*d**5 - 7/2*d**2 - 5/12*d**4. What is the units digit of b(-5)?
3
Suppose -99 = -5*d + 66. What is the tens digit of d?
3
What is the tens digit of 62 + 1 - 10/(-2)?
6
Suppose -y = 5*f + 2*y - 11, -2*f - 4*y = 4. Let u(j) = -3 + 3*j + 5*j - 5*j. What is the units digit of u(f)?
9
Suppose -2*i - 3*h - 3 + 13 = 0, 5*i - 43 = -3*h. What is the units digit of i?
1
Let l = -8 + 18. Suppose -2*y + 0*y + l = -3*v, 2*y - 2 = -v. What is the units digit of y?
2
Let a(n) = 23*n - 14. What is the units digit of a(4)?
8
Suppose 3*c - 12 = -c. Suppose 0 = x - c*x. Suppose -p + x*p = -5. What is the units digit of p?
5
Let x = -20 + 23. Suppose -x*u + 14 = -22. What is the tens digit of u?
1
Let a = 8 + 3. Let c(x) = -x**3 - 2*x**2 - x - 2. Let h be c(-2). Let r = a + h. What is the tens digit of r?
1
Let w(q) = q**2 + 8*q - 7. What is the tens digit of w(-11)?
2
Suppose 2*c + 1 = -3. Let s(l) = l**2 + l + 1. What is the units digit of s(c)?
3
Let m be 2/4*-1*-4. Suppose -3*u = -m*u, -20 = -5*r - 5*u. Suppose 3*p - r = p. What is the units digit of p?
2
Suppose -b + 0*b - 1 = 0. Let y be -2 - b - (-18)/2. Let w = y - 4. What is the units digit of w?
4
Let x be 4 - -3*(-2 - -3). Suppose i = x + 9. What is the tens digit of i?
1
Let r(z) = z**2 + 4*z - 8. Let n be r(-5). What is the tens digit of (18 + n)*15/9?
2
Let r(h) be the first derivative of -h**3/3 + 5*h**2 - 10*h - 2. Let w be r(8). Suppose x = -x + w. What is the units digit of x?
3
Suppose -3*l - 2*o = -7*l + 490, -112 = -l - 3*o. What is the tens digit of l?
2
Suppose 3*f = -4*c - 321, 3*c = c + 3*f - 147. Let m = 132 + c. Suppose -m = -5*i + u, 4*u - 13 = -i + 2. What is the units digit of i?
1
Suppose -j - 9 = -31. What is the units digit of j?
2
Suppose -6 - 2 = 2*l - 4*c, -7 = 4*l - 5*c. Suppose -6*a + a = 3*i + 7, -4*a - l = 3*i. What is the units digit of (-1 - 1)*i/(-12)?
1
Let h(d) = 42*d**3 - d + 1. What is the tens digit of h(1)?
4
Suppose 8 = 4*m + 56. What is the units digit of ((-38)/(-3))/(m/(-18))?
9
Let c be 1*((7 - 0) + -2). Suppose 6 = 3*l - 0, c*i - 13 = -4*l. What is the units digit of 11/i + 12/(-6)?
9
Let g = -39 - -18. What is the units digit of (-22)/(-6) - (-14)/g?
3
Let x be 5*(-2)/(-5)*7. What is the units digit of x*(-3)/18*-3?
7
Let k(q) = -2*q**2 + 2*q + 2. Let o be k(-2). What is the tens digit of 5/o + 98/4?
2
Suppose -22*i + 26*i - 168 = 0. What is the tens digit of i?
4
Suppose -2*j + 9 = j. Suppose 16 = -x - 3*x, 0 = -j*i - 5*x - 155. What is the units digit of i/(-6) - 2/(-4)?
8
Let a be 4/(-2)*(-42)/4. Let p = 56 - a. What is the tens digit of p?
3
Suppose -4*d + 35 = 3*q, d - 5 + 0 = 0. Let p(n) = 5*n - 5. What is the tens digit of p(q)?
2
Suppose 10*m = 5*m + 3*r - 34, -30 = 3*m + 3*r. Let o(i) = 2*i + 5 - 3*i**2 + 4*i**2 + 6*i. What is the units digit of o(m)?
5
Let f be (-81)/15